 = 0, -2*a + 3*n - 75 = 0. Let o = a - p. Calculate the remainder when 127 is divided by o.
7
Let x be -1 + 4 + (-4)/(-4). Suppose 4*l + z = 18, -2*l - 4*z = -5*l + x. Suppose 1244 - 1605 = -19*t. Calculate the remainder when t is divided by l.
3
What is the remainder when (-3145)/(-7) - (-10)/14 is divided by 438?
12
Let m(z) = z. Let g(i) = -5*i + 35. Let k(d) = -d**2 + 7*d - 7. Let c be k(5). Let v(n) = c*m(n) - g(n). What is the remainder when v(5) is divided by 2?
1
Let u = -6143 - -6261. What is the remainder when 348 is divided by u?
112
Let x = 11 + -3. Let q = 2473 - 2306. What is the remainder when q is divided by x?
7
Suppose -3037 = 33*f + 21*f - 5791. Calculate the remainder when 775 is divided by f.
10
Suppose -28*m - 7*x + 77 = -26*m, -m = -2*x - 66. What is the remainder when 1733 is divided by m?
53
Calculate the remainder when 987 is divided by (8 - (-25)/(-20)*-38)/((-3)/(-6)).
99
Suppose -4*v - 36 + 116 = 0. Suppose -v = -5*t, -8*u = -6*u - t - 24. Let g = 121 - 25. Calculate the remainder when g is divided by u.
12
Let p = 3201 + -3181. Calculate the remainder when 916 is divided by p.
16
Let c = 225 + -221. Let i(t) = t**3 - 3*t**2 + 2*t - 11. Calculate the remainder when 25 is divided by i(c).
12
Suppose 0 = -2*m + 3*x + 34 + 6, 0 = m + 2*x - 27. Let r = -127 + 350. Suppose -r = -56*y + 113. What is the remainder when m is divided by y?
5
Let u(o) = o**3 - 5*o**2 + 2*o + 12. Suppose -2*k = -4*k + 10. Let q(a) = 2*a**2 - 30*a - 5. What is the remainder when q(17) is divided by u(k)?
19
What is the remainder when 785 is divided by 36 + -50 - (4 - 131)?
107
Let u(h) = h**2 + 3*h - 8. Suppose 0 = -4*w + 5*x - 42, -4*x + 18 = -3*w - 14. Let a be u(w). Calculate the remainder when (-2 - a/(-12))*69/2 is divided by 5.
3
Let f(t) = t**3 - 15*t**2 - 13*t - 13. Let z be f(16). Let x(g) = 12*g - 124. What is the remainder when x(z) is divided by 60?
56
Let i = 32 - 313. Let x be -3*3/((-9)/i). Let j = x + 401. Calculate the remainder when j is divided by 41.
38
Suppose 4*i = -4*o - 848, 0 = -5*o + 4*i - 800 - 305. Let y = 311 + o. Calculate the remainder when y is divided by (-10)/(-3)*(-72)/(-10).
22
Suppose -q - w = q - 123, 0 = 4*q + w - 251. Suppose 30 = 31*t - 28*t + 5*m, 0 = 3*t + 4*m - 27. What is the remainder when q is divided by t?
4
Suppose -h + 4*h - 6 = 0. Suppose -3*z - h*u + 20 = -20, 3*z + u = 41. Suppose 174 - 811 = -13*v. Calculate the remainder when v is divided by z.
7
Let v = -74 + 66. Let g(x) = -2*x**3 - 15*x**2 + 11*x - 7. Let j be g(v). Let p = 15 - j. Calculate the remainder when 181 is divided by p.
43
Suppose -4*p + 23 = -2*o - 13, 0 = -4*o. Suppose -i + 314 = -9*k, 5*i - 2484*k = -2481*k + 730. Calculate the remainder when i is divided by p.
8
Let q = 2101 - 1971. Suppose 2*s - 22 = 46. Calculate the remainder when q is divided by s.
28
Let k = 4 - -3. Let m = 10336 - 10319. What is the remainder when m is divided by k?
3
Let o be 14 - (-5)/((-25)/(-5)). Suppose -11*r - o*r + 52 = 0. Suppose 4*n + n - 15 = -3*m, -5*m - 4*n = -38. What is the remainder when m is divided by r?
0
What is the remainder when 209 + (8 - -11) + -9 is divided by 22/6*(-8 + 11)?
10
Let v(f) = f**2 + 5*f - 2. Let w be v(-6). Suppose -w*t = 4*u + u + 367, u = t - 77. Let h = u - -81. Calculate the remainder when 17 is divided by h.
5
Let g(s) = -s**3 - 63*s**2 - 87*s + 142. What is the remainder when g(-62) is divided by 16?
12
Let p = 6565 + -3638. Calculate the remainder when p is divided by 12.
11
Suppose -3*v + 68 + 316 = 39. Calculate the remainder when 1263 is divided by v.
113
Let l(a) = 22*a**2 + 66*a + 291. Calculate the remainder when l(-5) is divided by 54.
25
Suppose 6185 - 85545 = -992*q. Suppose -2*w + 3*t - 6 = -93, 2*w - 88 = 4*t. What is the remainder when q is divided by w?
38
Let d(i) = -84*i + 8. What is the remainder when 39 is divided by d(0)?
7
Let u(q) = 16*q**2 + 573*q - 2277. Calculate the remainder when u(4) is divided by 26.
11
Suppose -l = 5*b - 7, 5*b = -2*l + 4*l - 74. Let x = -6 + l. What is the remainder when 26 is divided by x?
5
Let q(u) = 255*u**2 + 4808*u - 4809. Let l = 30 + 2. What is the remainder when q(1) is divided by l?
30
Let x be -35 - -20 - 3/((-3)/5). Calculate the remainder when 3 - 2 - (-4 - x) - -19 is divided by 2.
0
What is the remainder when 1180 is divided by 95 + ((-240)/(-12) - 23)?
76
Suppose -26*h = -4129 - 3021. Calculate the remainder when h is divided by 31.
27
Suppose -x - 295 = -5*b, 2*x - 4 = -3*b + 186. Suppose b*f = 50*f + 50. Calculate the remainder when 28 is divided by f.
3
Let f be 14 + -1 + (-2)/(-2). Suppose w - f = -4. Let p(h) = -3*h**2 + 36*h - 77. What is the remainder when w is divided by p(3)?
2
Let n = 38 + -36. Suppose 15 = -n*i + 5. What is the remainder when (3 - 4)/(i - -3)*88 is divided by 15?
14
Suppose -16*x = 5*l - 17*x + 282, 5*l + x = -278. Let i = 107 + l. What is the remainder when 303 is divided by i?
48
Let d be 0 + 2 - (-4 - 1)*1. What is the remainder when 144 is divided by 33 + d/((-42)/24)?
28
Suppose 287*u - 322*u + 665 = 0. What is the remainder when 3696 is divided by u?
10
Let c(v) = 6*v**2 - 8*v + 17. Calculate the remainder when c(4) is divided by ((-236)/60 - (-28)/12)/(2/(-35)).
25
Suppose 2*u + 538 = -2*i, 1073 = -2*i - 2*i - 3*u. Let a = -185 - i. Calculate the remainder when a is divided by 29.
23
Suppose 0 = -12*y + 5*y + 224. Let p = 24 - 10. Calculate the remainder when y/10*(2 + 13) is divided by p.
6
Let o = 11822 + -11663. What is the remainder when o is divided by 64?
31
Let b = -4 + 9. Suppose -2*v = -b*v - 15, 4*l - 3*v - 127 = 0. What is the remainder when 28 is divided by l?
0
Let c = 7852 + -7704. What is the remainder when 313 is divided by c?
17
Suppose 47*l - 15316 = -6010. What is the remainder when 23560 is divided by l?
196
Suppose -326*v + 168*v - 594 = -169*v. Calculate the remainder when v is divided by 31.
23
Suppose 38*n = 3*w + 40*n - 90, -5*n = -2*w + 60. What is the remainder when 107 is divided by w?
17
Let v(x) = 3*x + 4. Suppose 0 = 94545*j - 94575*j + 2190. Calculate the remainder when j is divided by v(3).
8
Suppose 173*u = 180*u + 21. Let w(m) = m**2 - m + 5. Let l be w(-5). Calculate the remainder when 64 is divided by 705/l - u/(-21).
4
Let f(j) = j**3 - 15*j**2 + 16*j + 11. Let v be f(14). Suppose 2*t - v - 1247 = 0. Suppose -t = -5*g - 128. What is the remainder when g is divided by 15?
13
Let y = 4305 + -4260. What is the remainder when y is divided by 13?
6
Let h = -26982 - -27226. What is the remainder when 1680 is divided by h?
216
Let s(x) = -x**3 - 13*x**2 - 17*x - 40. Suppose 20*q - 1290 = 5*q. What is the remainder when q is divided by s(-12)?
6
Suppose 8*c - 6*c = -34. Let m(y) be the first derivative of y**4/4 + 17*y**3/3 - y**2 + 4*y + 67. What is the remainder when 110 is divided by m(c)?
34
Suppose 52 = 21*q - 95. Suppose q*l = -26 + 292. What is the remainder when 1/(-1) + (149 - -1) is divided by l?
35
Suppose 0 = -10*v - 2158 - 132. Let t = v - -407. What is the remainder when t is divided by (-4 + (-18)/(-4))/((-2)/(-144))?
34
What is the remainder when (-336124)/(-1564) - (-2)/23 is divided by 18?
17
Let b(c) = 28*c**2 - 3*c + 19. Let r(h) = -30*h**2 + 4*h - 19. Let x(d) = -3*b(d) - 4*r(d). What is the remainder when x(2) is divided by 10?
9
Let d(g) = g - 15. Let w be d(10). Let q(s) = -78*s + 32. What is the remainder when q(w) is divided by 53?
51
Suppose -4*k - 5*p - 1093 = 0, 0 = -4*k - 3*p - 913 - 186. Let s = -226 - k. Calculate the remainder when s is divided by 21.
9
Suppose 259 = 3*n + 6*p - p, 392 = 4*n - 5*p. Let d(b) = 6*b**2 - 158*b + 67. Calculate the remainder when d(27) is divided by n.
82
Let u(s) = 4*s - 9. Let h be u(3). Calculate the remainder when 7 + (-1)/((-1)/h) is divided by 6.
4
Suppose 12*d + 4*x = 17*d - 2478, -2*d + 5*x + 981 = 0. Suppose -504*y + d*y + 324 = 0. What is the remainder when y is divided by 34?
20
Let p = -7822 + 7909. What is the remainder when 2259 is divided by p?
84
Let z = -19422 + 20552. What is the remainder when z is divided by 275?
30
Let p be (3 + (-56)/4)*-1. Suppose -19 = 11*n - 712. Calculate the remainder when n is divided by (-4)/(-2*1/p).
19
Let d = 15114 + -15090. Let x(h) = 3*h**2 + 7*h - 3. Calculate the